0
In base 16, what is -2f050 + 49?
-2f007
In base 14, what is -5 + -bc310c4?
-bc310c9
In base 8, what is -1153075 + -415?
-1153512
In base 8, what is 4716 + -217162?
-212244
In base 16, what is -144 - -1012af?
10116b
In base 5, what is -3 + -44111014?
-44111022
In base 13, what is -76 + -6457?
-6500
In base 2, what is -100100101000011101 + -1010?
-100100101000100111
In base 12, what is -5207b3 - 80?
-520873
In base 3, what is 2 + 101122002222200011?
101122002222200020
In base 15, what is 81c2 + -15?
81ac
In base 15, what is -19e - -13?
-18b
In base 13, what is 4 + -276792?
-27678b
In base 12, what is 6 + 12a5646?
12a5650
In base 11, what is 1411404a + 5?
14114054
In base 3, what is -22 + -21010120001200212?
-21010120001201011
In base 7, what is -15354 + 110?
-15244
In base 12, what is -1110ab - 5?
-1110b4
In base 14, what is 5 + -1d410b?
-1d4106
In base 16, what is 5d69a9 - 0?
5d69a9
In base 8, what is -116256 - 10?
-116266
In base 8, what is -6254 - -413371?
405115
In base 15, what is -7d6 - 2dd8?
-36be
In base 8, what is -13 - -51141630?
51141615
In base 9, what is 843 + 447238?
448182
In base 9, what is -476120 - -5?
-476114
In base 14, what is -57c + -3021?
-359d
In base 14, what is 98b - 2bd?
6ac
In base 7, what is -44012624535 + 4?
-44012624531
In base 9, what is 1618 + 4484?
6213
In base 4, what is 131102132030 + 2?
131102132032
In base 2, what is -1001011001011111110111 - -101?
-1001011001011111110010
In base 8, what is -460 + 55333?
54653
In base 3, what is -20 + 102100201221?
102100201201
In base 11, what is 57 + -3a3aa?
-3a353
In base 10, what is -10524760 - 1?
-10524761
In base 15, what is -1 + -4133368?
-4133369
In base 16, what is -dd26 - -1da?
-db4c
In base 2, what is 1111001 + 1111100100110010000?
1111100101000001001
In base 16, what is 1a5 - -28e?
433
In base 2, what is -101010011000011110000 + 1001111?
-101010011000010100001
In base 2, what is 1100000011001 - 1000110011?
1010111100110
In base 13, what is 1c3202 - 8?
1c31c7
In base 13, what is -a556b46 - -7?
-a556b3c
In base 14, what is -1270a - 1c0?
-128ca
In base 3, what is 1122022220 + -2211221?
1112110222
In base 8, what is 13 - 77734324?
-77734311
In base 2, what is -1111111100001110 + -1010011?
-1111111101100001
In base 14, what is d47 - -21281?
221c8
In base 9, what is -1254840 + 204?
-1254635
In base 6, what is 11 + -14032443132?
-14032443121
In base 8, what is -5 - -563762?
563755
In base 5, what is -11 + 424213220?
424213204
In base 3, what is -2210102 + -101210?
-10012012
In base 4, what is -1200 - -3120200000?
3120132200
In base 13, what is 416b + -1721?
274a
In base 8, what is 3067 + -74300?
-71211
In base 4, what is 2 + 311221010213?
311221010221
In base 9, what is -12763168 - -3?
-12763165
In base 11, what is -2760854 - 1?
-2760855
In base 10, what is -294 + -56451?
-56745
In base 16, what is 5e37e8 + 29?
5e3811
In base 8, what is 21666 - -225?
22113
In base 6, what is -1140 + 1100005?
1054425
In base 6, what is -341 - -243224?
242443
In base 15, what is 1da5c5 - 7?
1da5bd
In base 4, what is -111012212102 - 3?
-111012212111
In base 8, what is -3225654 + 0?
-3225654
In base 14, what is 0 - 30cba114?
-30cba114
In base 4, what is -10 - -1012233311332?
1012233311322
In base 2, what is -100 + -10111110010000101010110101?
-10111110010000101010111001
In base 9, what is 6084321 - -77?
6084408
In base 14, what is -3 - 94d01?
-94d04
In base 12, what is 1 - a859aa?
-a859a9
In base 6, what is 111 + 5410141?
5410252
In base 7, what is 5045432 - 61?
5045341
In base 7, what is -65354 + -546?
-66233
In base 8, what is -41504 - 31513?
-73217
In base 3, what is -1021 + 1111002111?
1111001020
In base 3, what is 100012022 - -202210111?
1002222210
In base 6, what is 2 - -44422530?
44422532
In base 3, what is -1102202122202210 - 221?
-1102202122210201
In base 15, what is b30 + 421d3?
42d13
In base 6, what is -4 + 1324245325?
1324245321
In base 7, what is -2504 + -2334?
-5141
In base 15, what is 6 + -39e1b2?
-39e1ab
In base 10, what is -5241 - 2259?
-7500
In base 12, what is 5387 + -232?
5155
In base 16, what is a - -171c?
1726
In base 6, what is 2 - 13350342325?
-13350342323
In base 16, what is 3193 + -311?
2e82
In base 7, what is -261 - -16410?
16116
In base 16, what is 9 - 14f2f8?
-14f2ef
In base 8, what is -253 + -325124?
-325377
In base 16, what is -1 - -7fbb1d7?
7fbb1d6
In base 11, what is 3945500 - -1?
3945501
In base 5, what is 3 + -324340223?
-324340220
In base 7, what is 1542242 + -3124?
1536115
In base 12, what is -53 + 4305a3?
430550
In base 6, what is 22 - -125105135?
125105201
In base 15, what is -381 - -1d0?
-1a1
In base 11, what is 1050a1 + 18a?
105280
In base 15, what is 1 - 1d4413?
-1d4412
In base 9, what is 662 - -464683?
465455
In base 15, what is 13e4 + dd7?
22cb
In base 14, what is -2d8d + a30?
-235d
In base 14, what is 4 - -15cbc32?
15cbc36
In base 11, what is -5 + -5280976a?
-52809774
In base 4, what is -11110312110 - 2311?
-11110321021
In base 16, what is -c9 - -6bc85?
6bbbc
In base 7, what is -2056 - -1466345?
1464256
In base 8, what is -72 + -5752535?
-5752627
In base 12, what is 798aa81 - -5?
798aa86
In base 11, what is -570800 + -16?
-570816
In base 6, what is 2532304531 - 2?
2532304525
In base 10, what is 82227 - -219?
82446
In base 9, what is -1 - 26171687?
-26171688
In base 11, what is 140a8390 - -2?
140a8392
In base 13, what is 815 + -49b98?
-49383
In base 6, what is 554 - 20333515?
-20332521
In base 11, what is 1873a - 202?
18538
In base 10, what is 5 + -7364198?
-7364193
In base 15, what is 127ba + -3e?
1277b
In base 3, what is 20012001022 + 1211?
20012010010
In base 11, what is 37185811 + 2?
37185813
In base 2, what is 1011100110100101101101 + 111?
1011100110100101110100
In base 7, what is 14 + -263000355?
-263000341
In base 6, what is 3 - -11111024425?
11111024432
In base 4, what is 2303002200211 - 11?
2303002200200
In base 12, what is -50076 - 199?
-50253
In base 4, what is -12111322020 + 30?
-12111321330
In base 4, what is 1 + 11332003011?
11332003012
In base 9, what is 3853 - -12041?
16004
In base 2, what is 101001100010111100 + -1010?
101001100010110010
In base 8, what is -2315207 + -15?
-2315224
In base 4, what is 120200 - -13313300?
20100100
In base 14, what is -794a09 + -2?
-794a0b
In base 4, what is 1202222222 - 113?
1202222103
In base 12, what is 137 + 37b23?
3805a
In base 13, what is 0 + a414373?
a414373
In base 2, what is -110100010000111111011110 + -100?
-110100010000111111100010
In base 3, what is 11 - -1102210200202001?
1102210200202012
In base 5, what is 231 + 12300334?
12301120
In base 9, what is -5084 + -67143?
-73237
In base 5, what is -34243 + 23410433?
23321140
In base 14, what is 2705 + -16cb?
1018
In base 16, what is -1604aa0 - -8?
-1604a98
In base 7, what is -3 + -1241200144?
-1241200150
In base 11, what is -30147 + 172?
-2aa85
In base 3, what is 0 + -1211210212102100?
-1211210212102100
In base 4, what is 1220321321220 + 1?
1220321321221
In base 15, what is -9 + 7c990e?
7c9905
In base 8, what is 233103 + 4445?
237550
In base 12, what is 67b5025 + 1?
67b5026
In base 9, what is -6555 - -13777?
6222
In base 11, what is -79 + 121340?
121272
In base 13, what is 6658b - 28?
66563
In base 14, what is 753 - 1a14?
-12a1
In base 2, what is -110010110101001100100 + 11110000?
-110010110100101110100
In base 3, what is 1111221101 + -11101201?
1100112200
In base 4, what is -111 + -220333212110?
-220333212221
In base 11, what is 10355248 + 1?
10355249
In base 2, what is 10000000011100100 + -1011111?
10000000010000101
In base 15, what is -491a + -da?
-4a05
In base 4, what is 13121110 + 1201?
13122311
In base 4, what is 10220 - -31021110?
31031330
In base 15, what is 19930 - -2edb?
1c91b
In base 13, what is a - 1300786?
-1300779
In base 10, what is -573 + -36791?
-37364
In base 6, what is 23503403 - -122?
23503525
In base 7, what is -1552 + -5546350?
-5551232
In base 12, what is b77b64 + -3?
b77b61
In base 8, what is 1 - -42205360?
42205361
In base 10, what is 15 - -9433379?
9433394
In base 2, what is 1101010101010110001101011000 + 100?
1101010101010110001101011100
In base 8, what is 52477 + 1443?
54142
In base 3, what is 11102 + -201101022?
-201012220
In base 11, what is -24 + -a93464?
-a93488
In base 2, what is 11011111 + -1000001100010